irst derivative of -z**4/4 - 17*z**3/3 - 9*z**2 - 23*z + 173. Determine f(-16).
9
Let a(d) be the second derivative of -d**7/2520 + d**6/72 - d**5/40 + 10*d**4/3 + d. Let c(h) be the third derivative of a(h). What is c(8)?
13
Let t(a) = 2*a - 5. Let w(x) = 5*x - 13. Let v(f) = f - 3. Let u(q) = -9*v(q) + 2*w(q). Let y be u(3). Suppose 4*p = -n - 0*p - y, 2*p - 12 = -4*n. Give t(n).
3
Let j(b) = b**3 + 4*b**2 - 7*b - 6. Let l be 1/(-4) - (-2167)/44. Let u = l - 54. Give j(u).
4
Let r(a) be the second derivative of a**5/20 - 7*a**4/12 + a**3 - 3*a**2/2 + 114*a. Determine r(6).
-3
Suppose y - 4*a = 16, -5*y - 4*a - 16 = -0*y. Let s(w) = 10*w - 29 + w**2 + 40 + y*w**2. Determine s(-8).
-5
Let a(y) = -2*y - 2. Suppose -2*h - 1 = 2*r - 11, 0 = 4*r - 12. Suppose 4 = -h*n + 10. What is a(n)?
-8
Suppose -11*p + 6*p + 2*i + 20 = 0, -2*p + i = -7. Let c(x) = -x**3 + 5*x**2 + 5*x - 2. Calculate c(p).
-8
Let p(q) be the first derivative of -4*q - 1/4*q**4 - 23 + 4/3*q**3 + 3*q**2. Give p(5).
1
Let c = 511 - 507. Let p(x) = x**3 - 3*x**2 + 5. Determine p(c).
21
Let o be (-15)/(-1 - -4) - -3 - (-7 - -1). Let u(m) = 2*m**3 + 2*m - 3*m**2 + 6*m**2 + 3 - 3*m**3. Determine u(o).
-5
Let a(o) be the first derivative of -o**4/4 + 3*o**3 - 4*o**2 - 4*o + 14. What is a(8)?
-4
Suppose 0 = 3*h + 4*u - 6, -2 = -h - 0*u - 3*u. Suppose 2*q + 8 = v, 0 = -4*q + h*q - v. Let y(x) = -1 + x - 1 + x. Calculate y(q).
-6
Let f(q) be the second derivative of q**4/12 - q**3/2 - 33*q. Let v(w) = -w**2 + w + 1. Let s(l) = -f(l) - 2*v(l). What is s(-2)?
0
Let w(x) = -4 + 24*x + 3 - 1 + 1. Let r be w(1). Suppose 0 = -2*t - 5*c + r, t = -3*c + 13 - 0. Let z(d) = d + 3. Determine z(t).
7
Let i = 28 - 24. Let v(y) = -11 - 8*y**2 + 22*y - 3*y**3 - 21*y + i*y**3. Calculate v(8).
-3
Let u(h) = 5 + h + h**2 + 3*h + 0*h + h**3 - 5*h. Suppose 5*r + 16 = 2*w - 0, 3*w - 2*r - 13 = 0. Let i(m) = 3*m - 9. Let t be i(w). What is u(t)?
5
Let t(d) = d**2 - 9*d + 6. Let b(l) = 6*l**2 + 4*l + 2. Let w be (-8)/32*(-2 - -6). Let z be b(w). Calculate t(z).
-14
Let t(u) = -u. Let g(y) = 7*y**2 - 2*y. Let n(p) = -119*p**2 + 35*p. Let x(o) = 35*g(o) + 2*n(o). Let m be x(-1). What is t(m)?
-7
Suppose 0 = -3*i + 9, -2*g = -4*i - 16 - 8. Let t be g/4*(-20)/(-45). Let q(y) = y**3 - 2*y**2 + y - 1. What is q(t)?
1
Let r(h) be the second derivative of -3*h - 1/6*h**3 - 1/2*h**2 - 2. What is r(-9)?
8
Let i(p) = -p**3 - 6*p**2 + 3. Let h(o) = -3*o - 21. Let j be h(-5). Let g be i(j). Let s(c) = 3*c + g*c - 3*c + 2. Give s(-3).
-7
Let w(z) = -z**2 - 4*z + 1. Let u(f) = f - 3. Let t be u(-7). Let h be 50/12 + t/60. Suppose -h = 4*c + 16. Calculate w(c).
-4
Let y(s) be the first derivative of s**3/3 - 7*s**2/2 + 4*s - 51. Determine y(6).
-2
Let j = 5 + -5. Suppose 3*v + j*v - 36 = 0. Let r = v - 9. Let s(l) = l**3 - 4*l**2 + 4*l + 1. Determine s(r).
4
Suppose 0 = 36*c - 26*c + 40. Let t(v) = -v**3 - 3*v**2 + 5*v + 1. What is t(c)?
-3
Let s(k) = 0 + 80*k + 3*k**2 - 2*k**2 - 3 - 79*k. Calculate s(2).
3
Let y = -9 - 1. Let m = y - -11. Let g(i) = i**3 - i**2 + 2*i - 1. Let w be g(m). Let a(q) = 10*q**3 - q**2 + q - 1. Calculate a(w).
9
Suppose -37 + 31 = -3*c. Let j(k) = k**3 - k**2 + 2. What is j(c)?
6
Let s(d) be the second derivative of d**5/20 - 3*d**4/4 - 3*d**3/2 - 7*d**2/2 + 2*d - 25. Give s(10).
3
Let j(i) = -i - 8. Let s(g) = -g**3 + 17*g**2 + 20*g - 39. Let a be s(18). Calculate j(a).
-5
Let p(n) = -n**3 + 6*n**2 + 3. Let l(t) = -t**2 - 1. Let k(g) = -6*l(g) - p(g). Suppose -3*o = -8*o - 15, 3*s + 4*o = -12. Determine k(s).
3
Let h(k) be the first derivative of -k**3/6 - k**2 + 9*k + 4. Let l(r) be the first derivative of h(r). Calculate l(-4).
2
Let m(u) = u**3 - 2*u**2 - 6*u + 1. Suppose -11*t + 13*t = 0. Suppose t*o = 2*o - 5*i - 15, -o = 5*i. Suppose -10 = 3*c + o, 5*h - 3*c - 35 = 0. Calculate m(h).
9
Let d(f) = -3*f**2 - 3*f - 1. Let v(i) = i**3 + 3*i**2 + 20*i + 31. Let k be v(-2). Determine d(k).
-61
Let k(h) = -4*h + 1. Let s be ((-104)/32 - 0) + 1/4. Determine k(s).
13
Let n(v) = -7*v - 16. Let p(k) = 5*k - 8 - 6 - 4*k + 16. Let i(j) = -n(j) - 6*p(j). Give i(4).
8
Let w be (-3 + 13)*(-1)/2. Let a(l) = -4. Let z(n) = 1. Let m(y) = -a(y) - 3*z(y). Let c(d) = -2*d + 7. Let i(k) = w*m(k) + c(k). Calculate i(-4).
10
Let n(a) = -6*a. Let k = 493 + -499. Determine n(k).
36
Let h(l) = 2*l - 5. Let v be (3/4)/((-165)/(-24) + -7). Determine h(v).
-17
Let o(z) = -z**3 - 6*z**2 + z + 1. Let h(b) = -3*b**3 - 17*b**2 + 3*b + 3. Let c(k) = 4*h(k) - 11*o(k). Suppose -6*t + 11*t + 10 = 0. What is c(t)?
-1
Suppose -3*a = -3*h - 105, -3*a + 2*h + 2*h + 108 = 0. Let t = a + -32. Let o(u) = u - 15. Give o(t).
-15
Let b(t) = -3155 - 2*t + 2*t**3 - 6*t**3 + 3154 + 2*t**3 + t. What is b(-2)?
17
Suppose 52 = w + 40. Let q(i) = i**3 - 11*i**2 - 10*i - 12. Give q(w).
12
Suppose 56 = 9*p - 2*p. Let r(o) = -2*o**3 + p*o + 7*o**2 + 49 + 3*o**3 - 50. What is r(-6)?
-13
Let x(h) = -7*h**3 + 2*h**2 + 5*h + 7. Let j(r) = 5*r**3 - 3*r**2 - 5*r - 4. Let m(l) = 3*j(l) + 2*x(l). Let b = 14 + -9. Calculate m(b).
-23
Let o(d) = 4*d**2 - 4*d - 1. Let t(w) = -23*w**2 + 23*w + 5. Suppose 49 = -3*i - 53. Suppose y + 4*y + 30 = 0. Let a(v) = i*o(v) + y*t(v). Give a(3).
16
Let z(q) be the first derivative of 2*q**2 - 5*q + 47. What is z(4)?
11
Let u(r) = 10*r + 11. Let v(t) = -t - 1. Let h(i) = u(i) + 4*v(i). Let f(d) = -d. Let c(m) = -5*f(m) - h(m). Calculate c(-10).
3
Let x(w) = -2*w**3 + 0 + 3*w**3 + 7 + 7*w**2. Let s = 10 + -6. Suppose -2*y = -s*c - 36, 0*c - y - 10 = 2*c. Calculate x(c).
7
Let q(l) = -11*l + 4*l + 0*l + 6*l - l - 34. Suppose 4*o - 49 = 3*v, -2*v - 23 - 21 = 3*o. Let j be q(v). Let n(f) = -f**2 + 4*f - 2. Give n(j).
-2
Let b be -2 + 0 + 0 + 47/(-1). Let n = b - -44. Let z(l) = -l. Calculate z(n).
5
Let c(l) = 2*l + 6. Let d(m) be the second derivative of m**3/6 + 3*m**2 - 42*m. Let j be ((-2)/2)/((-1)/3). Let t(y) = j*c(y) - 4*d(y). Calculate t(4).
2
Let l(d) = 6*d**2 + 114*d**3 - 223*d**3 + 6 + 110*d**3. Determine l(-6).
6
Suppose 89 + 91 = 45*o. Let u(t) = 8*t + 2. Give u(o).
34
Let h be 2/7 - 136/(-14). Suppose -4*w = 5*k + 9, 5*w + 4*k = 2*k + h. Let d(s) = -322 - 3*s - 316 + s**2 + 639. Determine d(w).
5
Let m(h) = 2*h. Let s(g) = -2*g + 3. Let k be s(-2). Suppose r - 5 = 4*n, -2*r + 7 = -k*r + 4*n. Let i be -1*0/(-3) + r. Give m(i).
-6
Let o(k) = 7*k**3 + 18*k**2 + 5*k - 11. Let r(w) = -4*w**3 - 9*w**2 - 3*w + 5. Let n(p) = -3*o(p) - 5*r(p). Let x be (-3)/12 - (-140)/(-16). Give n(x).
8
Let a(s) = -s**2 + 15*s - 44. Suppose -2*c + 23 = -3*q, -4 - 8 = 4*q. What is a(c)?
12
Let g(r) = r**3 + 6*r**2 + 78*r + 479. Let q be g(-6). Let c(i) = i**2 - 13*i + 20. Give c(q).
-2
Let r(v) = -10*v + 4. Let h be (-370)/111 - (-2)/6. Give r(h).
34
Let l = -34 + 40. Suppose -3*b + l = -0*b. Let x(s) = s. What is x(b)?
2
Suppose 2*x - 5 = 7*x. Suppose -10 = -5*p - 2*b - b, 5*b = -5*p. Let t(v) = -1 - v + 9*v**2 - p*v + 6*v. Determine t(x).
8
Let m be (-4)/3 - 1/(-3). Let u(q) = -5*q - 42. Let z be u(-9). Let k(f) = -3*f**3 - 11*f**z + 3*f**3. Determine k(m).
11
Let z(x) = 2*x + 4. Let c = 18 + -19. Let u be c*(-1 + 3 + -5). Suppose u*r - 3 + 18 = 0. What is z(r)?
-6
Let t(r) = r**3 + 7*r**2 + 8*r + 7. Suppose 49 = -4*s + 5*i - 0, -2*i + 4 = s. Give t(s).
-5
Suppose -4*b = -a - 81, -b - 4*a = 8 - 24. Suppose 3*f + 3 = -2*y, 0*y + 2*f = -5*y + b. Let o(s) = 5*s + s**3 + 6 + 5 + 6*s**2 + 2*s - y. Determine o(-5).
-5
Let h(g) be the third derivative of g**4/12 - g**2. Suppose 8 = -5*z - 12, -y - 6 = 2*z. Calculate h(y).
4
Let r(j) = -2*j**3 - 4*j**2 + 4*j - 4. Let v(m) = 6*m**2 - 10*m**2 + 3*m - 2*m**3 - 12 + 9. Let t(b) = -5*r(b) + 6*v(b). Give t(-2).
6
Let s(h) = 5*h**3 - h. Let b(l) = -l**3 - 9*l**2 - 8*l - 11. Let f be b(-8). Let d = -18 - -6. Let p = d - f. What is s(p)?
-4
Let a(v) = 8*v - 4. Suppose 66 = 8*r + 34. Calculate a(r).
28
Let s(c) = -c**3 - 6*c**2 + 6*c - 4. Let q be ((-371)/(-106))/((-2)/4). Give s(q).
3
Let r(k) be the first derivative of 3*k**2/2 - k + 1. Let c(m) = 7*m + 11. Let d(w) = -w. Let v(g) = c(g) + 6*d(g). Let q be v(-7). What is r(q)?
11
Let o(f) be the second derivative of f**4/4 + 7*f**3/6 + 3*f**2/2 - f. Let b = 125 - 126. Let x(s) = s**2 + s. Let c(i) = b*o(i) + 5*x(i). Determine c(3).
9
Suppose -5*i =